 is the units digit of 852?
2
What is the hundreds digit of 3368?
3
What is the ten thousands digit of 30869?
3
What is the units digit of 84?
4
What is the tens digit of 46089?
8
What is the hundreds digit of 2652?
6
What is the hundreds digit of 2727?
7
What is the hundreds digit of 2327?
3
What is the thousands digit of 2089?
2
What is the hundreds digit of 5158?
1
What is the units digit of 2225?
5
What is the units digit of 3516?
6
What is the units digit of 10228?
8
What is the thousands digit of 1272?
1
What is the thousands digit of 1777?
1
What is the units digit of 8020?
0
What is the units digit of 2453?
3
What is the hundreds digit of 1171?
1
What is the tens digit of 10923?
2
What is the tens digit of 20?
2
What is the units digit of 8289?
9
What is the hundreds digit of 13123?
1
What is the units digit of 504?
4
What is the hundreds digit of 871?
8
What is the thousands digit of 11907?
1
What is the hundreds digit of 1177?
1
What is the thousands digit of 7244?
7
What is the tens digit of 683?
8
What is the thousands digit of 9442?
9
What is the thousands digit of 1039?
1
What is the ten thousands digit of 13410?
1
What is the units digit of 3260?
0
What is the hundreds digit of 11008?
0
What is the hundreds digit of 19752?
7
What is the units digit of 7595?
5
What is the units digit of 1459?
9
What is the hundreds digit of 3976?
9
What is the tens digit of 924?
2
What is the hundreds digit of 921?
9
What is the thousands digit of 11901?
1
What is the tens digit of 18308?
0
What is the hundreds digit of 25430?
4
What is the thousands digit of 10317?
0
What is the tens digit of 3014?
1
What is the tens digit of 2307?
0
What is the tens digit of 856?
5
What is the hundreds digit of 570?
5
What is the tens digit of 3729?
2
What is the units digit of 1925?
5
What is the units digit of 4211?
1
What is the units digit of 10?
0
What is the hundreds digit of 56820?
8
What is the thousands digit of 1173?
1
What is the units digit of 694?
4
What is the units digit of 866?
6
What is the tens digit of 2970?
7
What is the thousands digit of 28978?
8
What is the tens digit of 26369?
6
What is the units digit of 1054?
4
What is the units digit of 858?
8
What is the ten thousands digit of 14909?
1
What is the hundreds digit of 503?
5
What is the ten thousands digit of 57533?
5
What is the units digit of 20013?
3
What is the ten thousands digit of 31053?
3
What is the units digit of 886?
6
What is the thousands digit of 3399?
3
What is the tens digit of 523?
2
What is the ten thousands digit of 76961?
7
What is the tens digit of 657?
5
What is the units digit of 311?
1
What is the units digit of 71165?
5
What is the hundreds digit of 9058?
0
What is the units digit of 46445?
5
What is the thousands digit of 1570?
1
What is the hundreds digit of 462?
4
What is the tens digit of 55670?
7
What is the units digit of 2843?
3
What is the tens digit of 10884?
8
What is the hundreds digit of 484?
4
What is the hundreds digit of 4234?
2
What is the ten thousands digit of 19013?
1
What is the tens digit of 16991?
9
What is the tens digit of 17166?
6
What is the units digit of 655?
5
What is the units digit of 43534?
4
What is the units digit of 49843?
3
What is the units digit of 284?
4
What is the hundreds digit of 19687?
6
What is the hundreds digit of 358?
3
What is the hundred thousands digit of 118564?
1
What is the hundreds digit of 1336?
3
What is the tens digit of 1497?
9
What is the hundreds digit of 989?
9
What is the hundreds digit of 1443?
4
What is the tens digit of 57265?
6
What is the units digit of 1893?
3
What is the hundreds digit of 13524?
5
What is the tens digit of 60?
6
What is the hundreds digit of 4643?
6
What is the tens digit of 25893?
9
What is the thousands digit of 8343?
8
What is the units digit of 387?
7
What is the ten thousands digit of 79299?
7
What is the tens digit of 97744?
4
What is the tens digit of 33?
3
What is the units digit of 17280?
0
What is the thousands digit of 1657?
1
What is the units digit of 80749?
9
What is the ten thousands digit of 22376?
2
What is the hundreds digit of 2691?
6
What is the tens digit of 7241?
4
What is the units digit of 249?
9
What is the tens digit of 28965?
6
What is the units digit of 53?
3
What is the thousands digit of 150315?
0
What is the tens digit of 1373?
7
What is the units digit of 1155?
5
What is the tens digit of 4862?
6
What is the tens digit of 15610?
1
What is the tens digit of 690?
9
What is the hundreds digit of 31943?
9
What is the hundreds digit of 499?
4
What is the hundreds digit of 39900?
9
What is the units digit of 4977?
7
What is the hundreds digit of 655?
6
What is the ten thousands digit of 65210?
6
What is the hundreds digit of 2606?
6
What is the units digit of 417?
7
What is the ten thousands digit of 13867?
1
What is the units digit of 70?
0
What is the tens digit of 37375?
7
What is the units digit of 16075?
5
What is the units digit of 93?
3
What is the units digit of 896?
6
What is the hundreds digit of 2898?
8
What is the ten thousands digit of 12419?
1
What is the hundreds digit of 975?
9
What is the units digit of 41780?
0
What is the ten thousands digit of 34674?
3
What is the units digit of 55562?
2
What is the units digit of 66406?
6
What is the units digit of 40344?
4
What is the units digit of 645?
5
What is the units digit of 478?
8
What is the units digit of 19421?
1
What is the tens digit of 449?
4
What is the tens digit of 15701?
0
What is the tens digit of 51993?
9
What is the units digit of 635?
5
What is the units digit of 972?
2
What is the thousands digit of 2317?
2
What is the hundreds digit of 9830?
8
What is the units digit of 703?
3
What is the thousands digit of 5268?
5
What is the hundreds digit of 681?
6
What is the hundreds digit of 855?
8
What is the hundreds digit of 218?
2
What is the units digit of 18105?
5
What is the tens digit of 3101?
0
What is the tens digit of 16239?
3
What is the units digit of 576?
6
What is the units digit of 3303?
3
What is the units digit of 301?
1
What is the ten thousands digit of 112354?
1
What is the thousands digit of 17931?
7
What is the hundreds digit of 85443?
4
What is the units digit of 98670?
0
What is the units digit of 2367?
7
What is the units digit of 2280?
0
What is the units digit of 18452?
2
What is the units digit of 92459?
9
What is the tens digit of 1536?
3
What is the hundreds digit of 62204?
2
What is the thousands digit of 67222?
7
What is the tens digit of 1048?
4
What is the units digit of 33434?
4
What is the thousands digit of 33613?
3
What is the hundred thousands digit of 112052?
1
What is the thousands digit of 15141?
5
What is the units digit of 3287?
7
What is the thousands digit of 3494?
3
What is the tens digit of 1537?
3
What is the tens digit of 7952?
5
What is the hundreds digit of 17942?
9
What is the thousands digit of 7049?
7
What is the ten thousands digit of 10681?
1
What is the units digit of 3311?
1
What is the units digit of 897?
7
What is the tens digit of 2888?
8
What is the units digit of 146611?
1
What is the tens digit of 1462?
6
What is the hundreds digit of 766?
7
What is the hundreds digit of 3858?
8
What is the thousands digit of 2069?
2
What is the ten thousands digit of 15894?
1
What is the hundreds digit of 814?
8
What is the tens digit of 1501?
0
What is the thousands digit of 2063?
2
What is the thousands digit of 24777?
4
What is the units digit of 119071?
1
What is the hundreds digit of 1567?
5
What is the units digit of 7120?
0
What is the units digit of 10706?
6
What is the units digit of 2038?
8
What is the hundreds digit of 41348?
3
What is the tens digit of 4091?
9
What is the ten thousands digit of 96146?
9
What is the hundreds digit of 100291?
2
What is the tens digit of 77398?
9
What is the ten thousands digit of 71554?
7
What is the hundreds digit of 5143?
1
What is the thousands digit of 20779?
0
What is the units digit of 14488?
8
What is the units digit of 4126?
6
What is the hundreds digit of 4233?
2
What is the ten thousands digit of 10400?
1
What is the thousands digit of 1378?
1
What is the hundreds digit of 2285?
2
What is the thousands digit of 1960?
1
What is the hundreds digit of 9937?
9
What is the tens di